7)*(-1)/3. Let l(g) = g - 4. What is l(j)?
2
Let v(a) = -a**3 + 3*a**2 - 2*a. Let h(l) be the second derivative of l**5/5 + l**4/6 - l**3/6 - l**2 + 6*l. Let z be h(-2). Let s = -21 - z. Calculate v(s).
-6
Let o be (-32)/(-3)*(-30)/20. Let g(f) = f + 17. Calculate g(o).
1
Let z be 7 - (5 + 9) - -14. Let h(n) = 2*n - 1 - 6*n + 3*n. Calculate h(z).
-8
Let u(w) = 22 + 43 - 60 + 6*w + w**3 - 8*w**2. Suppose 4*r - 19 - 9 = 0. What is u(r)?
-2
Let n = 11 - 10. Let w(s) = 3*s. Let b(d) = d - 1. Let l(t) = n*w(t) - 2*b(t). Let k = -82 + 76. Calculate l(k).
-4
Let s(q) = -q + 1. Let h(v) = -v**3 - 5*v**2 - 6*v + 6. Suppose 4*d = 3*d - 4. Let u(g) = d*s(g) + h(g). Calculate u(-4).
-6
Let q(w) = 5*w - 2. Let y(j) = 14*j - 7. Let t = 44 + -40. Let r(n) = t*y(n) - 14*q(n). Give r(-1).
14
Let y(m) be the first derivative of -m**2/2 - 14*m + 345. Give y(-20).
6
Let s(k) be the first derivative of 3*k**4/2 - 2*k**3/3 + k**2/2 - 18. Suppose 0 = 5*i - 4*i - 1. Determine s(i).
5
Let b(u) = -5*u + 2846*u**2 - 1430*u**2 - 1415*u**2 + 1. Let y = 7 - 4. Let a = 1 + y. Calculate b(a).
-3
Let t be 2/(-16) + 368/(-128). Let p be (2/3)/(t/(180/(-8))). Let j(v) = -v**3 + 3*v**2 + 6*v + 5. What is j(p)?
-15
Let j(h) = -h**2 - 9*h - 3. Let k = 73 - 71. Suppose -2*t = 2*g + 6, 6*t - k*t - 4*g = -44. What is j(t)?
11
Let w(k) = -k + 2. Let z(x) = 5*x - 62. Let n be z(11). Give w(n).
9
Let h(f) = -12*f**2 + 26*f**3 + 8*f**2 + 3*f + 1 - 12*f**3 - 15*f**3 - 4*f. Suppose -a - 1 - 2 = 0. Give h(a).
-5
Let u = -27 - -32. Suppose -5*b = u*y - 45, 2*b - 3 = -4*y + 25. Let t(j) = -j**3 + 5*j**2 + j - 3. What is t(y)?
2
Let r(b) = 2*b + 2. Let y(l) = l + 1. Let p(h) = 3*r(h) - 7*y(h). Let n(z) = 0*z - 4*z**2 - 3*z - 2 + 16*z + 3*z**2. Let m be n(13). Determine p(m).
1
Let w(p) = -p**2 - 15*p - 52. Let g be w(-6). Let u(t) = -4*t**2 + t + 1. Let b(h) = 7*h**2 - 2*h - 2. Let m(c) = 3*b(c) + 7*u(c). Give m(g).
-25
Let l(v) = v**3 - v**2 + v. Let y(u) = -3 - 2067*u - 3*u**2 - 2*u**2 + 3*u**3 + 2069*u. Let t(g) = 2*l(g) - y(g). Give t(3).
3
Let o be 0/1*10/(-20). Let m(v) = -v - 8. What is m(o)?
-8
Suppose -s + 3*g = -13, -4*g - 328 = -5*s - 285. Let w(l) = -5*l + 27. Give w(s).
-8
Let c(x) = -x + 9. Let i = -215 - -221. What is c(i)?
3
Let m(f) = -3*f + 2*f + 6*f + 11 - 4*f - f**3. Let q be ((-33)/(-2))/((-24)/(-32)). Let a = q - 22. Calculate m(a).
11
Let a = -80 - -242/3. Let r(m) be the second derivative of 0 - 3/2*m**2 - 5*m + a*m**3. Give r(3).
9
Let n(m) = -4*m**2 - 11*m**3 + 7*m**2 - 2 - 7*m**3 + 20*m**3. Suppose -2*o - 1 - 3 = 0. Determine n(o).
-6
Let n(h) = 429*h**2 + 2*h + 421*h**2 - 2 - 849*h**2 - 3. Determine n(-5).
10
Let g(s) = 12871 - 3*s - s**2 - 12871. Give g(-6).
-18
Let w(n) be the first derivative of n**2/2 - 4*n - 35. Let r = 6 - 3. Let f be (r*(-1 + 2))/1. Give w(f).
-1
Let o(l) = -l**2 + 0*l + 298 + 6*l + 0*l**2 - 287. Give o(9).
-16
Let h(k) = -k - 4. Let i be -4*4*(-4)/(-16). Let r(o) = -o - 3. Let c(f) = i*r(f) + 3*h(f). Let q(m) = m**2 + 10*m + 10. Let x be q(-9). Give c(x).
1
Let k(n) = -n**3 - 7*n**2 + 11*n + 7. Let v be -7 + 8 + -10 + 1. Let j be k(v). Let g = 14 + j. Let x(s) = -s**2 - 3*s - 4. What is x(g)?
-4
Suppose 0 = -2*f + r + 8, -8*r = -3*f - 3*r + 26. Let n be (-4)/(f*2*(-4)/8). Let a(u) = -u + u**3 + 0*u**2 - 1 - 2*u**2 + 3*u. Calculate a(n).
3
Let l(d) = 1 + d**2 - 13 - 1 + 2*d. Let q be l(3). Let j(s) = s**3 - 3*s**2 + s + 1. Determine j(q).
-1
Let n be (-136)/(-51)*6/(-4). Let s(g) = -g**2 - 6*g - 6. Let t be s(n). Let v(z) = -z**2 + 2*z + 2. What is v(t)?
2
Let c(b) = -2*b - 1. Let g be -2 - (-1 - 13) - 0. Suppose -7*k + 8*k - 5*z = -14, 0 = 5*k + 4*z + 70. Let a = k + g. What is c(a)?
3
Let x be 2/(56/36) + 2/(-7). Let m(o) = 6*o. Let y(c) = -c. Let a(f) = -m(f) - 5*y(f). Give a(x).
-1
Let r(s) = 5*s - 2 - 9*s + 6*s. Let f(g) = -g**2 - 9*g - 4. Let n be f(-8). Suppose -t - c = -2*c, 0 = -n*t - 4*c + 24. Calculate r(t).
4
Suppose -3*y = -7 - 5. Suppose 0 = 4*g + 2*r - 24, g - y*r = -0*g + 6. Let i(j) = -j**2 + 5*j - 8. Calculate i(g).
-14
Let z(l) = -l - 2. Let g = -22 - -28. Suppose -i = -2*y - 0*i - g, 2*i + 4 = 0. Give z(y).
2
Let o(i) be the third derivative of i**4/4 + i**3/6 - 2*i**2 + 66*i. Calculate o(1).
7
Let s(q) = 2*q**2 - 1. Let d = 9 + -4. Suppose -d*w + 4*c = -25, -w = w - 5*c - 10. Suppose 3*h = -8 + w. Determine s(h).
1
Let q(c) = -26 + 377*c - 376*c - 19 + 29. Determine q(4).
-12
Let d(l) be the first derivative of -l**4/2 - l**3/3 - l**2/2 - 39. Give d(-1).
2
Let m be 0/(1*-6 + 4). Let t(s) = 4*s - 9 - 2*s + m*s. Suppose -2 = c - 8. Give t(c).
3
Let p be 70/28*(-26)/(-5). Let t be (-63)/12 - (p/(-4) - -3). Let q(g) = 3*g - 2. Give q(t).
-17
Let x(y) be the first derivative of y**3/3 - 15*y**2/2 + 42*y + 139. Calculate x(12).
6
Let t = 107 + -114. Let w be 1/t - 210/(-98). Let m(x) be the second derivative of x**5/20 - x**4/12 - x**3/3 + 3*x**2/2 + x. Give m(w).
3
Let d(o) = -o - 2. Let a be d(-2). Let v be (10/(1*2))/(34/1054). Let w(j) = -j - v + 155. What is w(a)?
0
Let r(g) = 137*g + 3*g**3 - 133*g - 6*g**2 - 4*g**3 + 2 + 3*g**2. Let t = 3 + -6. Calculate r(t).
-10
Let s(g) = 5*g. Let o(c) = 4*c + 1. Let i(d) = -4*o(d) + 3*s(d). Let p be 2/(-18) - 1/((-9)/(-26)). Calculate i(p).
-1
Let h(o) be the third derivative of 0*o**3 + 0 + 0*o - 1/30*o**5 + 1/120*o**6 - 19*o**2 - 1/24*o**4. Give h(-1).
-2
Let m(t) = t**3 - 4*t**2 - 5*t - 1. Let g(v) = 2*v**2 + 14*v + 5. Let p be g(0). Calculate m(p).
-1
Let x(v) = -128*v**2 - 2*v + 32*v**2 + 27*v**2 + 35*v**2 + 31*v**2 - 1. Determine x(2).
-17
Let o(n) = 2434 - 1206 - 1224 + n. Let d = -7 - -2. What is o(d)?
-1
Let w(a) = a - 5*a - 4 + 3 - 5. Suppose 2*x = -x - 12. What is w(x)?
10
Let t(h) = -h**3 + 5*h**2 + 8*h - 11. Let d be t(6). Let m(p) = -87*p + 48*p + d + 39*p - 4*p**2. Determine m(2).
-15
Suppose -6*x + 54 = 3*x. Suppose -7 = -x*d - 19. Let s(v) be the second derivative of v**4/6 - v**3/3 - 3*v**2/2 - 6*v. What is s(d)?
9
Let m(x) = x**3 - 5*x**2 + 4*x + 12. Let t(g) = -15*g**2 - 49 + 0*g**3 + 34*g**2 - 25*g - 5*g**3 + 8*g. Let r(n) = 9*m(n) + 2*t(n). Determine r(-7).
-4
Let x(b) = -b - 5. Let n = 16 - 33. Let s(d) = -5*d - 17. Let y(c) = -81*c - 273. Let r(a) = -33*s(a) + 2*y(a). Let v(f) = n*x(f) - 6*r(f). Calculate v(-4).
-1
Let r = -448 + 454. Let j(i) = -i**3 + 5*i**2 + i. What is j(r)?
-30
Let b(q) = -2*q + 50. Let a(p) = -3*p + 75. Let i(k) = -5*a(k) + 7*b(k). Calculate i(18).
-7
Let a = 12 - 6. Let r(h) = 2*h**2 - 9*h + 26. Let l(k) = 2*k**2 - 9*k + 25. Let w(q) = -6*l(q) + 5*r(q). Let i(y) be the first derivative of w(y). Give i(a).
-15
Let o(a) = a - 2. Let s(x) = -x - 7. Let r be s(-12). Suppose 1 - 11 = -r*m. Suppose -5*f + 3*p + 5 = 4*p, -5*p = -m*f + 2. Determine o(f).
-1
Suppose n - 5 = -1. Let y = -103 - -105. Let w(v) = 2 - v**3 - 289*v**y - 3 + 292*v**2 + 4*v. Determine w(n).
-1
Let h(c) = 1 - 14 - 17 - 1 - c. Determine h(-14).
-17
Let w be -2 - (-264)/121 - (-1 - 40/22). Let u(z) = 7*z - 6 + 4 + 0. Give u(w).
19
Let d = 221 + -222. Let q(n) = -7*n - 1. What is q(d)?
6
Let o(j) = 0 + 6 - j - 7. Let b(a) = -a - 7. Let i be b(-4). What is o(i)?
2
Let l(q) = -5*q + 5*q + 3*q. Let t be l(-1). Let a(k) = 0*k + 46 - 49 + k**2 - 4*k + 5*k. What is a(t)?
3
Let h(c) be the first derivative of c**2/2 + 9*c + 3. Suppose 24 = 2*y + 5*s, -s + 4*s - 12 = -y. Let l be (16/y)/(-2)*9. What is h(l)?
3
Let r(z) be the third derivative of -z**5/120 - z**4/2 - 11*z**3/3 - 47*z**2. Let m(t) be the first derivative of r(t). Determine m(0).
-12
Let j(k) be the first derivative of -2*k**3/3 + k - 1. Let h(x) = x**2 - x - 3. Let r be h(-2). Suppose r*u + 9 = -5*m - 8, -4*u - 18 = 2*m. Determine j(m).
-1
Let o(u) be the first derivative of u**4/4 + u - 713. Give o(-1).
0
Let t = -358 - -4297/12. Let r(w) be the second derivative of t*w**4 + 5*w + 0 + 5/2*w**2 + 2/3*w**3. What is r(-4)?
5
Let x(g) be the first derivative of g**3/3 - g**2 + g + 127. Let b = -3 + 8. Suppose -b*m + 11 = -4. What is x(m)?
4
Let u be (-2)/(-12) - (-99)/54. Let t(b) = 2 + b**u + 0 + 0 - 3*b - 3*b**2. Give t(-3).
-7
Suppose 9 = 10*n + 49. Let a(m) = -8*m - 2. Determine a(n).
30
Let f(c) be the first derivative of 2*c**3/3 + 2*c**2 - 9*c - 19. Let q(p) be the first derivative of f(p). Calculate q(5).
2